2/2 - 745*f - 1. Determine w(-6).
-13
Let n(r) = 4*r + 5. Suppose -13*u + 45 = -28*u. Calculate n(u).
-7
Let p = -136 - -56. Let o be 2/3 + p/12. Let x(b) = -b**2 - 6*b**2 + 8*b**2 + 5*b + 0*b**2. Give x(o).
6
Let t(x) = -21*x - 23*x - 24*x - 13 + 73*x. What is t(4)?
7
Let a(t) = -t**2 - t + 2. Let g(f) = 140*f - 71*f - 67*f + 26. Let o be g(-13). Calculate a(o).
2
Let z(c) be the first derivative of -c**4/4 - 8*c**3/3 - 2*c**2 + 3*c - 83. Calculate z(-6).
-45
Let c(k) = -k**3 - 3*k - 3. Let g = 5 + -1. Suppose g*f + 28 = -5*s, 3*f = 4*s + 12 - 2. What is c(f)?
11
Let x(g) = -g**2 + 4*g + 136. Let v be x(14). Let d(l) be the first derivative of -l**2/2 + 3*l - 1. What is d(v)?
7
Let w(c) = -95*c. Let l(r) = 126*r - 1. Let g(h) = -3*l(h) - 4*w(h). Let o(i) = i**3 - 4*i**2 - 4*i - 1. Let t be o(5). What is g(t)?
11
Let t(y) = -y**2 + 3*y - 1. Suppose -5*j - 4*d + 7*d = -154, 4*j + 4*d = 136. Let p = j - 29. What is t(p)?
-1
Let z(m) be the second derivative of m**3/6 - m**2 - m. Let l be -15*(-30)/75*5/6. What is z(l)?
3
Let w(h) = h - 7. Let v = 695 - 678. Determine w(v).
10
Suppose 60 = -r - 0*r + 5*v, -2*r = -v + 120. Let g be (0 - -1)/((-3)/r). Let h be ((-3)/6)/((-2)/g). Let w(b) = b**2 - 7*b + 7. What is w(h)?
-3
Let v(x) be the third derivative of x**5/60 + x**4/24 - x**3 + 8*x**2 - 5. Suppose 3*l - 4 = 8, -12 = 4*n - 3*l. Determine v(n).
-6
Let x(i) be the second derivative of -i**4/6 + 3*i**2/2 - 601*i. What is x(3)?
-15
Suppose u + 0*u - 4*l = 9, 50 = 4*u - 2*l. Let m = 0 - u. Let t = m + 6. Let r(w) = w**3 + 6*w**2 - 7*w + 7. Give r(t).
7
Let d(z) be the third derivative of -z**8/6720 - z**7/504 + z**6/90 + z**5/30 - z**4/2 + 5*z**2. Let c(n) be the second derivative of d(n). What is c(-6)?
-8
Let c(w) = w**3 - 21*w**2 - 20*w - 42. Let s be 22*(-4)/(-12 - -8). What is c(s)?
2
Let l(z) be the second derivative of -z**4/12 + 4*z**3/3 - 7*z**2/2 - 3*z - 34. Give l(7).
0
Let l(y) be the first derivative of -y**3/3 - 6*y**2 + 25*y - 49. Determine l(-14).
-3
Let g(u) be the first derivative of -u**3/3 + 3*u**2 - 4*u - 3. Let r(a) = 5*a**2. Suppose h + 4*w = 3*w - 4, 4*h + 2*w + 6 = 0. Let s be r(h). Calculate g(s).
1
Let v(g) be the second derivative of -g**6/120 - g**5/120 + g**4/4 - 11*g. Let c(p) be the third derivative of v(p). Let f be 8/5 - 2/(-5). Determine c(f).
-13
Let h(x) = 0*x + 7*x - 5*x + 3. Let t = 2 + -7. Give h(t).
-7
Let n(u) = -10131*u**2 - 2*u + u**3 + 7 + 10131*u**2 + 2*u. Suppose 3*d + 8 = -2*i - 0*d, 0 = 5*i + d - 6. Suppose 0 = f - i*f. Determine n(f).
7
Let q(h) = -h**3 - 2*h**2 + h - 9. Suppose -4*a = 2*v - 14, -2*v - 3*a = -22 + 13. Calculate q(v).
-3
Suppose -72 = 2*j - 4*d - 4, 0 = j - 5*d + 49. Let h(b) = -b - 23. Determine h(j).
1
Let g = -4/3 + 11/6. Let v(a) be the third derivative of g*a**3 - 1/120*a**6 - 1/15*a**5 + 0*a + a**2 + 0 + 1/24*a**4. Give v(-4).
-1
Let t(f) = 16*f + 6. Let i(p) = 3*p. Let m(y) = 5*i(y) - t(y). Suppose 3*z + 0*c - 3*c + 18 = 0, 0 = -2*z - c - 9. Give m(z).
-1
Let k(j) = j**2 - 8*j - 14. Let q = -23 - -28. Suppose 4*m = q*p + 3*m - 46, -2*p = 3*m - 32. Calculate k(p).
6
Suppose 45*o + 100 = 46*o. Let s(w) = -o - 98 + 191 - w. Calculate s(-10).
3
Let b be (-6)/3 - ((-2 - 1) + -2). Let v(c) = c**2 - 2*c + 3. Calculate v(b).
6
Let w(p) = -2*p**2 + 3 - 12 + 4 - p - 2*p + 7. Calculate w(2).
-12
Let k(s) = 4516*s + 4*s**2 - s**3 - 3*s**2 - 3 - 4510*s. What is k(4)?
-27
Let z(v) = -42*v + 46. Let t be z(1). Let r be 27 + 1 + 0 + -1. Let d be t/10 + r/45. Let x(i) = -5*i. Calculate x(d).
-5
Let k(a) = 2*a**3 + 2*a - 3. Let c = -259 - -261. What is k(c)?
17
Let g(u) = u**3 - 11*u**2 - 14*u + 23. Let y be g(12). Let t(o) = o - 1. Let d(q) = 4*q - 3. Let p(w) = y*d(w) + 5*t(w). Calculate p(4).
2
Let o(n) = 0 - n + 196*n**2 - 15*n**3 - 194*n**2 + 0. Let r be 10/3 + (-1)/3. Let t = 4 - r. What is o(t)?
-14
Let r(i) = -i**3 + 3*i**2 - 2*i. Suppose 0*t = -5*w + 3*t + 30, -10 = 2*t. Calculate r(w).
-6
Let p be (6/4)/((-12)/(-200) - 0). Let h(m) = -16*m + p*m - 3*m**2 + 2*m**2 - 3 - 5. Give h(7).
6
Let m(b) = 4*b**3 + 8 + b + 2*b**3 + 2*b**2 + 5*b**2 - 5*b**3. Suppose -4 = -2*w, 4*f - 3*w - 46 = 2*f. Let a be 8/(-52) - 178/f. Calculate m(a).
1
Let r(m) be the first derivative of -1/20*m**5 + 2 - 1/12*m**4 + 1/6*m**3 - 5/2*m**2 + 3*m. Let v(b) be the first derivative of r(b). Give v(0).
-5
Let t be (-68)/(-16) - (-12)/16. Suppose 0*v + t*u = -5*v, -2*v - 3*u = -1. Let s(x) = 2*x + 1 + 2*x - 3*x - 9*x**2 + 0*x**2. Calculate s(v).
-9
Let r = -27 - -66. Let b = -38 + r. Let d(q) = -q + 2. Give d(b).
1
Let x(j) = 2*j - j - 511 + 515. What is x(-10)?
-6
Let m(b) = -4*b**3 - 25*b**2 - 4*b + 8. Let a(l) = l**3 + 8*l**2 + l - 3. Let w(u) = 7*a(u) + 2*m(u). What is w(6)?
-11
Let w(y) = -5*y**2 - 135 - y - 134 + 412 + y**3 + 2*y - 139. Give w(3).
-11
Suppose 0 = 132*g - 139*g + 35. Let z(y) = y**2 - 2*y - 13. Determine z(g).
2
Let n(b) = 4*b**2 - b**3 - 2 + 6*b**2 - 9*b**2 - b. Let k be (-3)/15 - (-16)/5. Suppose -4 = -k*f + 5*f. Give n(f).
12
Let q(l) = 14*l - 5. Let b be q(3). Let z(j) = 24*j - 9 - b*j + 14*j. Calculate z(6).
-3
Suppose -4 = 5*o - 4*z, 2*o - 4*z - 8 = -0. Let j(d) = 4*d**2 - 6*d. Let f(g) = 3*g**2 - 6*g + 1. Let l(n) = o*j(n) + 5*f(n). What is l(-5)?
10
Let g(a) be the second derivative of a**6/360 - a**5/60 - 7*a**4/24 - 5*a**3/3 + 6*a. Let p(q) be the second derivative of g(q). Calculate p(5).
8
Let o(j) = -5*j - 1. Let x(n) = 11*n + 1. Let r(z) = 9*o(z) + 4*x(z). Let f be r(-4). Let q(k) be the third derivative of -7*k**4/24 - 374*k**2. Give q(f).
7
Let a(r) = -8*r - 8. Let d(s) = -7*s - 7. Suppose 0 = -6*o + 3*o - 21. Let j = o + 1. Let n(k) = j*a(k) + 7*d(k). Give n(-6).
5
Let l = -70 - -74. Let f(z) be the third derivative of -z**5/20 - 4*z**3/3 - 2*z**2. Let t(k) = 4*k**2 + k + 9. Let o(u) = -3*f(u) - 2*t(u). Determine o(l).
14
Let d(q) = q + 10. Let m be (2 - -96)/(-7) + 4. What is d(m)?
0
Let x(r) = -14*r**3 + 2*r**2 - 1. Suppose -98*l = -91*l - 7. Give x(l).
-13
Let k(r) = 16*r - 5*r - 13*r - 3*r + 1 + 0. Determine k(4).
-19
Let g(w) = 7*w**3 + w + 4. Let d be (-172)/36 - 4/18. Let t(v) = 6 + 10*v**3 + 2*v - 6*v + 6*v. Let u(q) = d*t(q) + 7*g(q). Determine u(-2).
12
Let s(b) be the third derivative of 0*b + 0 + 2/3*b**3 - 3*b**2 - 1/24*b**4. Let f(r) = -2*r - 12. Let l be f(-4). Give s(l).
8
Let y(u) = -u**2 + 22*u + 79. Let o be (20/5 + -6)*(-50)/4. Let p be y(o). Let b(a) = 3*a**2 + 5*a - 3*a**2 - a**2. What is b(p)?
4
Let b = -6 - 2. Let g = b - -6. Let h(j) be the third derivative of j**5/60 + j**4/12 - j**3/6 - 2*j**2 + 18. Calculate h(g).
-1
Let f(g) = -g**2 + 3*g + 1. Suppose -m = -5*x - 11, 3*m = -2*x + 19 + 48. Let j(o) = -o**3 + 20*o**2 + 22*o - 18. Let k be j(m). What is f(k)?
1
Let i(t) = -t. Let c be i(-10). Suppose 2*a + 4 + c = 0. Let p = a + 6. Let v(m) = 3*m + 1. What is v(p)?
-2
Suppose -i - 2 = -0*i. Let l(b) = -b**3 - 3*b**2 - b. Give l(i).
-2
Suppose -2*k - 2 = -20. Let i = 12 - k. Let y(d) = -d**3 + d**2 - 1. Let o(a) = 2*a**3 - 8*a**2 + 5*a - 4. Let s(f) = i*y(f) + o(f). Determine s(-6).
-1
Let s(u) = -8*u**2 - u - 34. Let m(f) = -13*f**2 - 2*f - 69. Let k(h) = -3*m(h) + 5*s(h). Calculate k(0).
37
Let v(u) = 4*u**2 - 2*u + 7. Let y(t) be the second derivative of 0 - 11/12*t**4 + 6*t + 7/6*t**3 - 10*t**2. Let g(n) = 8*v(n) + 3*y(n). Calculate g(4).
0
Let w(r) = r**3 + 6*r**2 - 7*r + 8. Let m be -6 - 1 - (9 - (17 - 8)). Determine w(m).
8
Let i(d) be the first derivative of -d**2 - 13*d - 161. Calculate i(-6).
-1
Let m(y) be the second derivative of 10*y**3/3 + y**2/2 + y - 5. Determine m(-1).
-19
Let w = 2 + 20. Let z be (w/(-33))/((-2)/3). Let t(i) = 1 + 1 + 6*i - z. Determine t(-1).
-5
Let u(w) = -w**3 - 3*w**2 + 5*w + 4. Let f be u(-4). Let z(c) = c - 9. Let t be z(14). Let x(k) = t*k - k + 0*k - 12 - 3*k. Determine x(f).
-12
Let v(a) be the first derivative of 1 - 1/3*a**3 + 3/2*a**2 + 5*a. Determine v(4).
1
Let w(o) = -15*o**3 - 12*o**2 - 34*o + 9. Let l(j) = 7*j**3 + 6*j**2 + 16*j - 4. Let q(u) = 13*l(u) + 6*w(u). Calculate q(-4).
18
Let i(p) be the third derivative of -p**6/120 - p**5/15 - p**4/8 - 2*p**3/3 - 506*p**2 - 2*p. Suppose 10 - 22 = 4*k. What is i(k)?
-4
Let y(r) = 3*r**2 - 8*r + 3. Let f(q) = -q**2 + 5*q - 1. Let j(u) = -5*f(u) - 2*y(u).